{"id":475,"date":"2016-09-15T17:02:07","date_gmt":"2016-09-15T17:02:07","guid":{"rendered":"http:\/\/www.implantatumotszeretnek.hu\/?page_id=475"},"modified":"2016-11-30T13:47:29","modified_gmt":"2016-11-30T13:47:29","slug":"miert-az-icx-implantacios-rendszert-valasszam","status":"publish","type":"page","link":"http:\/\/www.implantatumotszeretnek.hu\/index.php\/miert-az-icx-implantacios-rendszert-valasszam\/","title":{"rendered":"Mi\u00e9rt az ICX implant\u00e1ci\u00f3s rendszert v\u00e1lasszam?"},"content":{"rendered":"<section class=\"l-section wpb_row height_medium with_img\"><div class=\"l-section-img\" style=\"background-image: url(http:\/\/www.implantatumotszeretnek.hu\/wp-content\/uploads\/backg_5.jpg);background-position: top right;background-repeat: no-repeat;background-size: contain;\" data-img-width=\"1920\" data-img-height=\"720\"><\/div><div class=\"l-section-h i-cf\"><div class=\"g-cols offset_medium\"><div class=\"vc_col-sm-12 wpb_column vc_column_container\"><div class=\"vc_column-inner\"><div class=\"wpb_text_column \"><div class=\"wpb_wrapper\">\n<h2>Mi\u00e9rt az ICX implant\u00e1ci\u00f3s<br \/>\nrendszert v\u00e1lasszam?<\/h2>\n<\/div> <\/div> <\/div><\/div><\/div><\/div><\/section><section class=\"l-section wpb_row height_auto width_full\"><div class=\"l-section-h i-cf\"><div class=\"g-cols offset_none\"><div class=\"vc_col-sm-6 wpb_column vc_column_container vc_col-has-fill animate_afl d2  vc_custom_1474296478546\"><div class=\"vc_column-inner\"><div class=\"wpb_text_column  vc_custom_1474293587969\"><div class=\"wpb_wrapper\">\n<h5><strong>mert<\/strong> a n\u00e9met MEDENTIS MEDICAL c\u00e9g az ICX implant\u00e1\u00adtumokkal kimagasl\u00f3 \u00e1r\/\u00e9rt\u00e9k ar\u00e1ny\u00fa, pr\u00e9mium kateg\u00f3ri\u00e1s implant\u00e1tumrendszert k\u00edn\u00e1l.<\/h5>\n<h5>A term\u00e9keket az ipar\u00e1gon bel\u00fcl a legmagasabb n\u00edv\u00f3j\u00fanak sz\u00e1m\u00edt\u00f3 n\u00e9met min\u0151s\u00e9gi elv\u00e1r\u00e1soknak megfelel\u0151en tervezik \u00e9s gy\u00e1rtj\u00e1k.<\/h5>\n<\/div> <\/div> <\/div><\/div><div class=\"vc_col-sm-6 vc_col-xs-offset-1 wpb_column vc_column_container vc_col-has-fill animate_afr d2  vc_custom_1474795714939\"><div class=\"vc_column-inner\"><\/div><\/div><\/div><\/div><\/section><section class=\"l-section wpb_row height_auto width_full with_img\"><div class=\"l-section-img\" style=\"background-image: url(http:\/\/www.implantatumotszeretnek.hu\/wp-content\/uploads\/image-das2-1.jpg);background-position: top left;background-repeat: no-repeat;background-size: contain;\" data-img-width=\"1045\" data-img-height=\"422\"><\/div><div class=\"l-section-h i-cf\"><div class=\"g-cols offset_none\"><div class=\"vc_col-sm-6 wpb_column vc_column_container vc_col-has-fill animate_afr d2  vc_custom_1474291631897\"><div class=\"vc_column-inner\"><\/div><\/div><div class=\"vc_col-sm-6 wpb_column vc_column_container\"><div class=\"vc_column-inner\"><div class=\"wpb_text_column  vc_custom_1480513622189\"><div class=\"wpb_wrapper\">\n<h5><strong>mert<\/strong> a speci\u00e1lis fel\u00fcletkezel\u00e9ssel ell\u00e1tott implant\u00e1tumok gyorsabban csontosodnak be az \u00e1llcsontj\u00e1ba, ezzel biztos\u00edtva a stabilit\u00e1st \u00e9s a r\u00f6videbb gy\u00f3gyul\u00e1si folyamatot \u00e9s ez\u00e1ltal cs\u00f6kkenhet a sz\u00f6v\u0151dm\u00e9nyek lehet\u0151s\u00e9ge is.<\/h5>\n<\/div> <\/div> <\/div><\/div><\/div><\/div><\/section><!-- Row Backgrounds --><div class=\"upb_grad\" data-grad=\"background: -webkit-gradient(linear, left top, left bottom, color-stop(49%, #FFFFFF), color-stop(100%, #FFF4D6));background: -moz-linear-gradient(left,#FFFFFF 49%,#FFF4D6 100%);background: -webkit-linear-gradient(left,#FFFFFF 49%,#FFF4D6 100%);background: -o-linear-gradient(left,#FFFFFF 49%,#FFF4D6 100%);background: -ms-linear-gradient(left,#FFFFFF 49%,#FFF4D6 100%);background: linear-gradient(left,#FFFFFF 49%,#FFF4D6 100%);\" data-bg-override=\"0\" data-upb-overlay-color=\"\" data-upb-bg-animation=\"\" data-fadeout=\"\" data-fadeout-percentage=\"30\" data-parallax-content=\"\" data-parallax-content-sense=\"30\" data-row-effect-mobile-disable=\"true\" data-img-parallax-mobile-disable=\"true\" data-rtl=\"false\"  data-custom-vc-row=\"\"  data-vc=\"4.12\"  data-is_old_vc=\"\"  data-theme-support=\"\"   data-overlay=\"false\" data-overlay-color=\"\" data-overlay-pattern=\"\" data-overlay-pattern-opacity=\"\" data-overlay-pattern-size=\"\"    ><\/div><section class=\"l-section wpb_row height_auto with_img\"><div class=\"l-section-img\" style=\"background-image: url(http:\/\/www.implantatumotszeretnek.hu\/wp-content\/uploads\/image-das3.jpg);background-position: top right;background-repeat: no-repeat;background-size: contain;\" data-img-width=\"1045\" data-img-height=\"422\"><\/div><div class=\"l-section-h i-cf\"><div class=\"g-cols offset_none\"><div class=\"vc_col-sm-6 wpb_column vc_column_container\"><div class=\"vc_column-inner\"><div class=\"wpb_text_column  vc_custom_1474293777847\"><div class=\"wpb_wrapper\">\n<h5><strong>mert<\/strong> az ICX implant\u00e1tumok a pr\u00e9mium elv\u00e1r\u00e1soknak megfelel\u0151en kiz\u00e1r\u00f3lag nagy tisztas\u00e1g\u00fa (99%-os) orvosi tit\u00e1nb\u00f3l k\u00e9sz\u00fclnek \u00e9s nem tartalmaznak neh\u00e9zf\u00e9met (mint pl. Alum\u00ednium, Van\u00e1dium).<\/h5>\n<\/div> <\/div> <\/div><\/div><div class=\"vc_col-sm-6 wpb_column vc_column_container vc_col-has-fill animate_afr d2  vc_custom_1474291631897\"><div class=\"vc_column-inner\"><\/div><\/div><\/div><\/div><\/section><!-- Row Backgrounds --><div class=\"upb_grad\" data-grad=\"background: -webkit-gradient(linear, left top, left bottom, color-stop(0%, #CFFFED), color-stop(51%, #FFFFFF));background: -moz-linear-gradient(left,#CFFFED 0%,#FFFFFF 51%);background: -webkit-linear-gradient(left,#CFFFED 0%,#FFFFFF 51%);background: -o-linear-gradient(left,#CFFFED 0%,#FFFFFF 51%);background: -ms-linear-gradient(left,#CFFFED 0%,#FFFFFF 51%);background: linear-gradient(left,#CFFFED 0%,#FFFFFF 51%);\" data-bg-override=\"0\" data-upb-overlay-color=\"\" data-upb-bg-animation=\"\" data-fadeout=\"\" data-fadeout-percentage=\"30\" data-parallax-content=\"\" data-parallax-content-sense=\"30\" data-row-effect-mobile-disable=\"true\" data-img-parallax-mobile-disable=\"true\" data-rtl=\"false\"  data-custom-vc-row=\"\"  data-vc=\"4.12\"  data-is_old_vc=\"\"  data-theme-support=\"\"   data-overlay=\"false\" data-overlay-color=\"\" data-overlay-pattern=\"\" data-overlay-pattern-opacity=\"\" data-overlay-pattern-size=\"\"    ><\/div><section class=\"l-section wpb_row height_auto with_img\"><div class=\"l-section-img\" style=\"background-image: url(http:\/\/www.implantatumotszeretnek.hu\/wp-content\/uploads\/image-das4.jpg);background-position: top left;background-repeat: no-repeat;background-size: contain;\" data-img-width=\"1045\" data-img-height=\"422\"><\/div><div class=\"l-section-h i-cf\"><div class=\"g-cols offset_none\"><div class=\"vc_col-sm-6 wpb_column vc_column_container vc_col-has-fill animate_afr d2  vc_custom_1474291631897\"><div class=\"vc_column-inner\"><\/div><\/div><div class=\"vc_col-sm-6 wpb_column vc_column_container\"><div class=\"vc_column-inner\"><div class=\"wpb_text_column  vc_custom_1474294481019\"><div class=\"wpb_wrapper\">\n<h5><strong>mert<\/strong> az ICX implant\u00e1tumok ide\u00e1lis formai kialak\u00edt\u00e1s\u00e1nak k\u00f6sz\u00f6nhet\u0151en fogp\u00f3tl\u00e1sa\u00a0 pontosan integr\u00e1l\u00f3dik a sz\u00e1j\u00ad\u00fcreg k\u00f6rnyezet\u00e9be. A v\u00e9geredm\u00e9ny mind sz\u00ednben, mind form\u00e1ban \u00e9s haszn\u00e1lhat\u00f3s\u00e1g\u00e1ban teljess\u00e9 teszi fogsor\u00e1t.<\/h5>\n<\/div> <\/div> <\/div><\/div><\/div><\/div><\/section><!-- Row Backgrounds --><div class=\"upb_grad\" data-grad=\"background: -webkit-gradient(linear, left top, left bottom, color-stop(52%, #FFFFFF), color-stop(100%, #FFE4D1));background: -moz-linear-gradient(left,#FFFFFF 52%,#FFE4D1 100%);background: -webkit-linear-gradient(left,#FFFFFF 52%,#FFE4D1 100%);background: -o-linear-gradient(left,#FFFFFF 52%,#FFE4D1 100%);background: -ms-linear-gradient(left,#FFFFFF 52%,#FFE4D1 100%);background: linear-gradient(left,#FFFFFF 52%,#FFE4D1 100%);\" data-bg-override=\"0\" data-upb-overlay-color=\"\" data-upb-bg-animation=\"\" data-fadeout=\"\" data-fadeout-percentage=\"30\" data-parallax-content=\"\" data-parallax-content-sense=\"30\" data-row-effect-mobile-disable=\"true\" data-img-parallax-mobile-disable=\"true\" data-rtl=\"false\"  data-custom-vc-row=\"\"  data-vc=\"4.12\"  data-is_old_vc=\"\"  data-theme-support=\"\"   data-overlay=\"false\" data-overlay-color=\"\" data-overlay-pattern=\"\" data-overlay-pattern-opacity=\"\" data-overlay-pattern-size=\"\"    ><\/div><section class=\"l-section wpb_row height_auto with_img\"><div class=\"l-section-img\" style=\"background-image: url(http:\/\/www.implantatumotszeretnek.hu\/wp-content\/uploads\/image-das5.jpg);background-position: top right;background-repeat: no-repeat;background-size: contain;\" data-img-width=\"1045\" data-img-height=\"422\"><\/div><div class=\"l-section-h i-cf\"><div class=\"g-cols offset_none\"><div class=\"vc_col-sm-6 wpb_column vc_column_container\"><div class=\"vc_column-inner\"><div class=\"wpb_text_column  vc_custom_1480513636015\"><div class=\"wpb_wrapper\">\n<h5><strong>mert<\/strong> az ICX implant\u00e1tumok kiv\u00e1l\u00f3s\u00e1g\u00e1t a n\u00e9met \u00e9s sv\u00e1jci gy\u00e1rt\u00f3k professzion\u00e1lis technol\u00f3giai fejleszt\u00e9sei garant\u00e1lj\u00e1k, amelyek megfelelnek a T\u00dcV-Rheinland\u00a0 magas min\u0151s\u00e9gi k\u00f6vetelm\u00e9nyrendszer\u00e9nek.<\/h5>\n<\/div> <\/div> <\/div><\/div><div class=\"vc_col-sm-6 wpb_column vc_column_container vc_col-has-fill animate_afr d2  vc_custom_1474291631897\"><div class=\"vc_column-inner\"><\/div><\/div><\/div><\/div><\/section><!-- Row Backgrounds --><div class=\"upb_grad\" data-grad=\"background: -webkit-gradient(linear, left top, left bottom, color-stop(0%, #C4D7FF), color-stop(49%, #FFFFFF));background: -moz-linear-gradient(left,#C4D7FF 0%,#FFFFFF 49%);background: -webkit-linear-gradient(left,#C4D7FF 0%,#FFFFFF 49%);background: -o-linear-gradient(left,#C4D7FF 0%,#FFFFFF 49%);background: -ms-linear-gradient(left,#C4D7FF 0%,#FFFFFF 49%);background: linear-gradient(left,#C4D7FF 0%,#FFFFFF 49%);\" data-bg-override=\"0\" data-upb-overlay-color=\"\" data-upb-bg-animation=\"\" data-fadeout=\"\" data-fadeout-percentage=\"30\" data-parallax-content=\"\" data-parallax-content-sense=\"30\" data-row-effect-mobile-disable=\"true\" data-img-parallax-mobile-disable=\"true\" data-rtl=\"false\"  data-custom-vc-row=\"\"  data-vc=\"4.12\"  data-is_old_vc=\"\"  data-theme-support=\"\"   data-overlay=\"false\" data-overlay-color=\"\" data-overlay-pattern=\"\" data-overlay-pattern-opacity=\"\" data-overlay-pattern-size=\"\"    ><\/div>\n","protected":false},"excerpt":{"rendered":"Mi\u00e9rt az ICX implant\u00e1ci\u00f3s rendszert v\u00e1lasszam? mert a n\u00e9met MEDENTIS MEDICAL c\u00e9g az ICX implant\u00e1\u00adtumokkal kimagasl\u00f3 \u00e1r\/\u00e9rt\u00e9k ar\u00e1ny\u00fa, pr\u00e9mium kateg\u00f3ri\u00e1s implant\u00e1tumrendszert k\u00edn\u00e1l. A term\u00e9keket az ipar\u00e1gon bel\u00fcl a legmagasabb n\u00edv\u00f3j\u00fanak sz\u00e1m\u00edt\u00f3 n\u00e9met min\u0151s\u00e9gi elv\u00e1r\u00e1soknak megfelel\u0151en tervezik \u00e9s gy\u00e1rtj\u00e1k. mert a speci\u00e1lis fel\u00fcletkezel\u00e9ssel ell\u00e1tott implant\u00e1tumok gyorsabban csontosodnak be az \u00e1llcsontj\u00e1ba, ezzel biztos\u00edtva a stabilit\u00e1st \u00e9s a...","protected":false},"author":1,"featured_media":0,"parent":0,"menu_order":0,"comment_status":"closed","ping_status":"closed","template":"","meta":[],"_links":{"self":[{"href":"http:\/\/www.implantatumotszeretnek.hu\/index.php\/wp-json\/wp\/v2\/pages\/475"}],"collection":[{"href":"http:\/\/www.implantatumotszeretnek.hu\/index.php\/wp-json\/wp\/v2\/pages"}],"about":[{"href":"http:\/\/www.implantatumotszeretnek.hu\/index.php\/wp-json\/wp\/v2\/types\/page"}],"author":[{"embeddable":true,"href":"http:\/\/www.implantatumotszeretnek.hu\/index.php\/wp-json\/wp\/v2\/users\/1"}],"replies":[{"embeddable":true,"href":"http:\/\/www.implantatumotszeretnek.hu\/index.php\/wp-json\/wp\/v2\/comments?post=475"}],"version-history":[{"count":28,"href":"http:\/\/www.implantatumotszeretnek.hu\/index.php\/wp-json\/wp\/v2\/pages\/475\/revisions"}],"predecessor-version":[{"id":754,"href":"http:\/\/www.implantatumotszeretnek.hu\/index.php\/wp-json\/wp\/v2\/pages\/475\/revisions\/754"}],"wp:attachment":[{"href":"http:\/\/www.implantatumotszeretnek.hu\/index.php\/wp-json\/wp\/v2\/media?parent=475"}],"curies":[{"name":"wp","href":"https:\/\/api.w.org\/{rel}","templated":true}]}}